{"id":11,"date":"2018-10-23T17:13:48","date_gmt":"2018-10-23T15:13:48","guid":{"rendered":"https:\/\/mille-pertuis.org\/?page_id=11"},"modified":"2022-11-25T10:50:06","modified_gmt":"2022-11-25T09:50:06","slug":"blog","status":"publish","type":"page","link":"http:\/\/mille-pertuis.org\/?page_id=11","title":{"rendered":"Projection D\u00e9bat"},"content":{"rendered":"\n<ul class=\"wp-block-list\">\n<li><strong>PROGRAMMATION 2022-202<\/strong>3<\/li>\n\n\n\n<li>\u00ab\u00a0La Fabrique des Pand\u00e9mies\u00a0\u00bb un film de Marie-Monique Robin (2022) projet\u00e9 le 20\/10\/22. D\u00e9bat anim\u00e9 par un m\u00e9decin infectiologue. <a href=\"https:\/\/mille-pertuis.org\/bibliographie-covid-19\/\">Bibliographie<\/a><\/li>\n\n\n\n<li>Film projet\u00e9 le 16 f\u00e9vrier 2023<\/li>\n<\/ul>\n\n\n\n<ul class=\"wp-block-list\">\n<li><strong>PROGRAMMATION 2021-2022<\/strong><\/li>\n\n\n\n<li><a href=\"https:\/\/mille-pertuis.org\/non-classe\/theatre-dimpro\/\" target=\"_blank\" rel=\"noreferrer noopener\">Th\u00e9\u00e2tre d&rsquo;improvisation <\/a>par la Compagne Imagin&rsquo;action Compagnie du Regard. Mercredi 30\/03\/2022 \u00e0 20h30<\/li>\n\n\n\n<li>Film documentaire \u00ab&nbsp;<strong><a href=\"https:\/\/mille-pertuis.org\/non-classe\/projection-debat-3\/\" target=\"_blank\" rel=\"noreferrer noopener\">Cycling for Earth<\/a><\/strong>\u00bb. D\u00e9bat anim\u00e9 par le r\u00e9alisateur Nicolas Bourion. <mark style=\"background-color:rgba(0, 0, 0, 0)\" class=\"has-inline-color has-dark-red-color\">Jeudi 07\/10\/21 <\/mark><\/li>\n<\/ul>\n\n\n\n<ul class=\"wp-block-list\">\n<li><strong>PROGRAMMATION 2020-2021<\/strong><\/li>\n\n\n\n<li>Film documentaire \u00ab&nbsp;<strong><a href=\"http:\/\/autonomies.fr\/association\/\">Autonomies<\/a><\/strong>\u00bb. D\u00e9bat anim\u00e9 par les r\u00e9alisateurs Nazzar\u00e9na Mat\u00e9ra et Christophe-Emmanuel Del Debbio et le maire des Moli\u00e8res. <mark style=\"background-color:rgba(0, 0, 0, 0)\" class=\"has-inline-color has-dark-red-color\">Jeudi 29\/10\/20 <\/mark><\/li>\n<\/ul>\n\n\n\n<ul class=\"wp-block-list\">\n<li><strong>PROGRAMMATION 2019-2020<\/strong><\/li>\n\n\n\n<li>Film \u00ab\u00a0<a href=\"https:\/\/www.storyofplastic.org\/\"><strong>The Story of plastic<\/strong><\/a>\u00a0\u00bb projection en ligne en mai 2020<\/li>\n\n\n\n<li>Film \u00ab <a href=\"https:\/\/truecostmovie.com\/\"><strong>the True Cost<\/strong><\/a> \u00bb la <a href=\"https:\/\/truecostmovie.com\/\" target=\"_blank\" rel=\"noreferrer noopener\">bande-annonce<\/a> et l\u2019<a href=\"https:\/\/www.qqf.fr\/infographie\/59\/la-mode-sans-dessus-dessous\" target=\"_blank\" rel=\"noreferrer noopener\">infographie<\/a> sur l\u2019industrie textile. un film de Andrew Morgan (2015), projet\u00e9 le 12\/12\/19  <\/li>\n<\/ul>\n\n\n\n<ul class=\"wp-block-list\">\n<li><strong>PROGRAMMATION 2018-2019<\/strong><\/li>\n\n\n\n<li><a href=\"https:\/\/mille-pertuis.org\/non-classe\/projection-debat-autour-du-film-sacre-village\/\">SACRE VILLAGE!<\/a>: la <a href=\"http:\/\/www.film-documentaire.fr\/4DACTION\/w_fiche_film\/48217_1\" target=\"_blank\" rel=\"noreferrer noopener\">bande-annonce<\/a>. la version courte de \u00ab&nbsp;<strong><a href=\"https:\/\/www.m2rfilms.com\/qu-est-ce-qu-on-attend\">Qu\u2019est-ce qu\u2019on attend&nbsp;?<\/a>&nbsp;<\/strong>\u00bb un film de Marie-Monique Robin (2016) projet\u00e9 le 27\/03\/19<\/li>\n\n\n\n<li><a href=\"https:\/\/mille-pertuis.org\/actualites\/projection-debat-2\/\">MA VIE ZERO DECHET<\/a>, un film de Donatien Lemaitre (2015), projet\u00e9 le 30\/01\/19, espace ANTEIA. <a href=\"https:\/\/mille-pertuis.org\/non-classe\/ma-vie-zero-dechet\/\">retour sur l\u2019\u00e9v\u00e8nement<\/a><a href=\"https:\/\/mille-pertuis.org\/2019\/01\/16\/demain\/\">DEMAIN<\/a> : la bande-annonce, le <a href=\"https:\/\/www.demain-lefilm.com\/\" target=\"_blank\" rel=\"noreferrer noopener\">film<\/a>, de Cyril Dion et M\u00e9lanie Laurent (2015), projet\u00e9 le 07\/11\/18<\/li>\n<\/ul>\n\n\n\n<p class=\"has-light-green-cyan-background-color has-background\" style=\"font-size:35px\">Nos coups de c\u0153ur<\/p>\n\n\n\n<p>Film documentaire &lsquo;<a href=\"https:\/\/thatsugarmovement.com\/film\/\"><strong>SugarLand<\/strong><\/a>&lsquo; <\/p>\n\n\n\n<p>ZERO PHYTO : la <a href=\"https:\/\/positivr.fr\/zero-phyto-100-bio-film-bande-annonce\/\" target=\"_blank\" rel=\"noreferrer noopener\">bande annonce<\/a><\/p>\n","protected":false},"excerpt":{"rendered":"<p>Nos coups de c\u0153ur Film documentaire &lsquo;SugarLand&lsquo; ZERO PHYTO : la bande annonce<\/p>\n","protected":false},"author":2,"featured_media":0,"parent":2,"menu_order":0,"comment_status":"closed","ping_status":"closed","template":"","meta":{"footnotes":""},"class_list":["post-11","page","type-page","status-publish","hentry"],"yoast_head":"<!-- This site is optimized with the Yoast SEO plugin v27.4 - https:\/\/yoast.com\/product\/yoast-seo-wordpress\/ -->\n<title>Projection D\u00e9bat - Mille-Pertuis<\/title>\n<meta name=\"robots\" content=\"index, follow, max-snippet:-1, max-image-preview:large, max-video-preview:-1\" \/>\n<link rel=\"canonical\" href=\"http:\/\/mille-pertuis.org\/?page_id=11\" \/>\n<meta property=\"og:locale\" content=\"fr_FR\" \/>\n<meta property=\"og:type\" content=\"article\" \/>\n<meta property=\"og:title\" content=\"Projection D\u00e9bat - Mille-Pertuis\" \/>\n<meta property=\"og:description\" content=\"Nos coups de c\u0153ur Film documentaire &lsquo;SugarLand&lsquo; ZERO PHYTO : la bande annonce\" \/>\n<meta property=\"og:url\" content=\"http:\/\/mille-pertuis.org\/?page_id=11\" \/>\n<meta property=\"og:site_name\" content=\"Mille-Pertuis\" \/>\n<meta property=\"article:modified_time\" content=\"2022-11-25T09:50:06+00:00\" \/>\n<meta name=\"twitter:card\" content=\"summary_large_image\" \/>\n<script type=\"application\/ld+json\" class=\"yoast-schema-graph\">{\"@context\":\"https:\\\/\\\/schema.org\",\"@graph\":[{\"@type\":\"WebPage\",\"@id\":\"http:\\\/\\\/mille-pertuis.org\\\/?page_id=11\",\"url\":\"http:\\\/\\\/mille-pertuis.org\\\/?page_id=11\",\"name\":\"Projection D\u00e9bat - Mille-Pertuis\",\"isPartOf\":{\"@id\":\"http:\\\/\\\/mille-pertuis.org\\\/#website\"},\"datePublished\":\"2018-10-23T15:13:48+00:00\",\"dateModified\":\"2022-11-25T09:50:06+00:00\",\"breadcrumb\":{\"@id\":\"http:\\\/\\\/mille-pertuis.org\\\/?page_id=11#breadcrumb\"},\"inLanguage\":\"fr-FR\",\"potentialAction\":[{\"@type\":\"ReadAction\",\"target\":[\"http:\\\/\\\/mille-pertuis.org\\\/?page_id=11\"]}]},{\"@type\":\"BreadcrumbList\",\"@id\":\"http:\\\/\\\/mille-pertuis.org\\\/?page_id=11#breadcrumb\",\"itemListElement\":[{\"@type\":\"ListItem\",\"position\":1,\"name\":\"Accueil\",\"item\":\"http:\\\/\\\/mille-pertuis.org\\\/\"},{\"@type\":\"ListItem\",\"position\":2,\"name\":\"Les activit\u00e9s\",\"item\":\"http:\\\/\\\/mille-pertuis.org\\\/?page_id=2\"},{\"@type\":\"ListItem\",\"position\":3,\"name\":\"Projection D\u00e9bat\"}]},{\"@type\":\"WebSite\",\"@id\":\"http:\\\/\\\/mille-pertuis.org\\\/#website\",\"url\":\"http:\\\/\\\/mille-pertuis.org\\\/\",\"name\":\"Mille-Pertuis\",\"description\":\"1001 passerelles vers un mode de vie \u00e9cologique\",\"publisher\":{\"@id\":\"http:\\\/\\\/mille-pertuis.org\\\/#organization\"},\"potentialAction\":[{\"@type\":\"SearchAction\",\"target\":{\"@type\":\"EntryPoint\",\"urlTemplate\":\"http:\\\/\\\/mille-pertuis.org\\\/?s={search_term_string}\"},\"query-input\":{\"@type\":\"PropertyValueSpecification\",\"valueRequired\":true,\"valueName\":\"search_term_string\"}}],\"inLanguage\":\"fr-FR\"},{\"@type\":\"Organization\",\"@id\":\"http:\\\/\\\/mille-pertuis.org\\\/#organization\",\"name\":\"Mille-Pertuis\",\"url\":\"http:\\\/\\\/mille-pertuis.org\\\/\",\"logo\":{\"@type\":\"ImageObject\",\"inLanguage\":\"fr-FR\",\"@id\":\"http:\\\/\\\/mille-pertuis.org\\\/#\\\/schema\\\/logo\\\/image\\\/\",\"url\":\"http:\\\/\\\/mille-pertuis.org\\\/wp-content\\\/uploads\\\/2019\\\/12\\\/cropped-logo_ML_V2.0_COUL.jpg\",\"contentUrl\":\"http:\\\/\\\/mille-pertuis.org\\\/wp-content\\\/uploads\\\/2019\\\/12\\\/cropped-logo_ML_V2.0_COUL.jpg\",\"width\":240,\"height\":75,\"caption\":\"Mille-Pertuis\"},\"image\":{\"@id\":\"http:\\\/\\\/mille-pertuis.org\\\/#\\\/schema\\\/logo\\\/image\\\/\"}}]}<\/script>\n<!-- \/ Yoast SEO plugin. -->","yoast_head_json":{"title":"Projection D\u00e9bat - Mille-Pertuis","robots":{"index":"index","follow":"follow","max-snippet":"max-snippet:-1","max-image-preview":"max-image-preview:large","max-video-preview":"max-video-preview:-1"},"canonical":"http:\/\/mille-pertuis.org\/?page_id=11","og_locale":"fr_FR","og_type":"article","og_title":"Projection D\u00e9bat - Mille-Pertuis","og_description":"Nos coups de c\u0153ur Film documentaire &lsquo;SugarLand&lsquo; ZERO PHYTO : la bande annonce","og_url":"http:\/\/mille-pertuis.org\/?page_id=11","og_site_name":"Mille-Pertuis","article_modified_time":"2022-11-25T09:50:06+00:00","twitter_card":"summary_large_image","schema":{"@context":"https:\/\/schema.org","@graph":[{"@type":"WebPage","@id":"http:\/\/mille-pertuis.org\/?page_id=11","url":"http:\/\/mille-pertuis.org\/?page_id=11","name":"Projection D\u00e9bat - Mille-Pertuis","isPartOf":{"@id":"http:\/\/mille-pertuis.org\/#website"},"datePublished":"2018-10-23T15:13:48+00:00","dateModified":"2022-11-25T09:50:06+00:00","breadcrumb":{"@id":"http:\/\/mille-pertuis.org\/?page_id=11#breadcrumb"},"inLanguage":"fr-FR","potentialAction":[{"@type":"ReadAction","target":["http:\/\/mille-pertuis.org\/?page_id=11"]}]},{"@type":"BreadcrumbList","@id":"http:\/\/mille-pertuis.org\/?page_id=11#breadcrumb","itemListElement":[{"@type":"ListItem","position":1,"name":"Accueil","item":"http:\/\/mille-pertuis.org\/"},{"@type":"ListItem","position":2,"name":"Les activit\u00e9s","item":"http:\/\/mille-pertuis.org\/?page_id=2"},{"@type":"ListItem","position":3,"name":"Projection D\u00e9bat"}]},{"@type":"WebSite","@id":"http:\/\/mille-pertuis.org\/#website","url":"http:\/\/mille-pertuis.org\/","name":"Mille-Pertuis","description":"1001 passerelles vers un mode de vie \u00e9cologique","publisher":{"@id":"http:\/\/mille-pertuis.org\/#organization"},"potentialAction":[{"@type":"SearchAction","target":{"@type":"EntryPoint","urlTemplate":"http:\/\/mille-pertuis.org\/?s={search_term_string}"},"query-input":{"@type":"PropertyValueSpecification","valueRequired":true,"valueName":"search_term_string"}}],"inLanguage":"fr-FR"},{"@type":"Organization","@id":"http:\/\/mille-pertuis.org\/#organization","name":"Mille-Pertuis","url":"http:\/\/mille-pertuis.org\/","logo":{"@type":"ImageObject","inLanguage":"fr-FR","@id":"http:\/\/mille-pertuis.org\/#\/schema\/logo\/image\/","url":"http:\/\/mille-pertuis.org\/wp-content\/uploads\/2019\/12\/cropped-logo_ML_V2.0_COUL.jpg","contentUrl":"http:\/\/mille-pertuis.org\/wp-content\/uploads\/2019\/12\/cropped-logo_ML_V2.0_COUL.jpg","width":240,"height":75,"caption":"Mille-Pertuis"},"image":{"@id":"http:\/\/mille-pertuis.org\/#\/schema\/logo\/image\/"}}]}},"_links":{"self":[{"href":"http:\/\/mille-pertuis.org\/index.php?rest_route=\/wp\/v2\/pages\/11","targetHints":{"allow":["GET"]}}],"collection":[{"href":"http:\/\/mille-pertuis.org\/index.php?rest_route=\/wp\/v2\/pages"}],"about":[{"href":"http:\/\/mille-pertuis.org\/index.php?rest_route=\/wp\/v2\/types\/page"}],"author":[{"embeddable":true,"href":"http:\/\/mille-pertuis.org\/index.php?rest_route=\/wp\/v2\/users\/2"}],"replies":[{"embeddable":true,"href":"http:\/\/mille-pertuis.org\/index.php?rest_route=%2Fwp%2Fv2%2Fcomments&post=11"}],"version-history":[{"count":5,"href":"http:\/\/mille-pertuis.org\/index.php?rest_route=\/wp\/v2\/pages\/11\/revisions"}],"predecessor-version":[{"id":2484,"href":"http:\/\/mille-pertuis.org\/index.php?rest_route=\/wp\/v2\/pages\/11\/revisions\/2484"}],"up":[{"embeddable":true,"href":"http:\/\/mille-pertuis.org\/index.php?rest_route=\/wp\/v2\/pages\/2"}],"wp:attachment":[{"href":"http:\/\/mille-pertuis.org\/index.php?rest_route=%2Fwp%2Fv2%2Fmedia&parent=11"}],"curies":[{"name":"wp","href":"https:\/\/api.w.org\/{rel}","templated":true}]}}