{"id":360,"date":"2019-02-04T14:43:32","date_gmt":"2019-02-04T13:43:32","guid":{"rendered":"https:\/\/mille-pertuis.org\/?page_id=360"},"modified":"2022-03-30T15:40:31","modified_gmt":"2022-03-30T13:40:31","slug":"les-ressources-des-ateliers","status":"publish","type":"page","link":"https:\/\/mille-pertuis.org\/?page_id=360","title":{"rendered":"Les ressources des ateliers"},"content":{"rendered":"\n<ul class=\"wp-block-list\"><li>Je fabrique mes<a href=\"https:\/\/mille-pertuis.org\/?page_id=1687\"> <strong>produits d&rsquo;entretien<\/strong><\/a> bon march\u00e9    <\/li><li> <a href=\"https:\/\/mille-pertuis.org\/page-d-exemple\/les-ressources-des-ateliers\/recettes-lessives\/\">Je fabrique ma <strong>lessive <\/strong>\u00e9cologique<\/a> <\/li><li> Je fabrique mes produits <strong><a href=\"https:\/\/mille-pertuis.org\/recette-produits-vaisselle\/\">vaisselle <\/a><\/strong>respectueux de ma sant\u00e9 et de la plan\u00e8te  <\/li><li><a href=\"https:\/\/mille-pertuis.org\/page-d-exemple\/les-ressources-des-ateliers\/recettes-savons\/\">Je fabrique mes <strong>savons <\/strong>naturels<\/a><\/li><li><a href=\"https:\/\/mille-pertuis.org\/page-d-exemple\/les-ressources-des-ateliers\/les-recettes-de-latelier-pdts-hygiene\/\">Je fabrique mes <strong>cosm\u00e9tiques<\/strong>\/ produits d&rsquo;hygi\u00e8ne<\/a> respectueux de ma sant\u00e9 et de la plan\u00e8te  <\/li><li>Je fabrique mes soins visage<\/li><li>Je fabrique mon<strong> <a href=\"https:\/\/mille-pertuis.org\/non-classe\/atelier-pratique-je-fabrique-mon-shampoing-naturel\/\">shampoing<\/a> <\/strong>naturel et mes soins pour les cheveux<\/li><li>Pour No\u00ebl : <strong><a href=\"https:\/\/mille-pertuis.org\/des-sapins-sobres-economiques-et-ethiques\/\">d\u00e9corations<\/a> et <a href=\"https:\/\/mille-pertuis.org\/bon-cadeau-personnalise-pour-noel\/\">cadeaux<\/a><\/strong> tendance et z\u00e9ro d\u00e9chet<\/li><li> Je cr\u00e9\u00e9 mes <strong><a href=\"https:\/\/mille-pertuis.org\/je-cree-mes-colorations-naturelles-avec-sandra\/\">colorations naturelles<\/a> <\/strong>sur <strong>papier<\/strong> pour les cartes de No\u00ebl   <\/li><li>Je cr\u00e9e mes <strong><a href=\"https:\/\/mille-pertuis.org\/je-cree-mes-colorations-naturelles-avec-sandra\/\">colorations naturelles<\/a><\/strong> sur <strong>tissu<\/strong> \u00e0 base de plantes tinctoriales<\/li><li>Je passe au <strong>Z\u00e9ro D\u00e9chet<\/strong> gr\u00e2ce \u00e0 la <strong><a href=\"https:\/\/mille-pertuis.org\/non-classe\/atelier-pratique-je-passe-au-zero-dechet-grace-a-la-couture\/\" target=\"_blank\" rel=\"noreferrer noopener\">couture<\/a><\/strong> (carr\u00e9s d\u00e9maquillants \/ nettoyants, sacs \u00e0 vrac, sac \u00e0 pain)<\/li><li><strong>Biodiversit\u00e9 <\/strong>: je d\u00e9code le <a href=\"https:\/\/mille-pertuis.org\/atelier-biodiversite-le-langage-des-plantes\/\">langage des plantes<\/a> <\/li><li>Initiation \u00e0 la <strong>permaculture <\/strong>\u00e0 la ferme<\/li><li>Je reconnais, r\u00e9colte et cuisine les <strong><a href=\"https:\/\/mille-pertuis.org\/plantes-sauvages\/\">plantes sauvages<\/a><\/strong> (printemps)<\/li><li>Je reconnais, r\u00e9colte et cuisine les <strong><a href=\"https:\/\/mille-pertuis.org\/non-classe\/atelier-pratique-je-reconnais-recolte-et-cuisine-les-plantes-sauvages-dete\/\">plantes sauvages<\/a> <\/strong>(\u00e9t\u00e9, automne)     <\/li><li> <a href=\"https:\/\/mille-pertuis.org\/page-d-exemple\/les-ressources-des-ateliers\/recettes-boissons\/\">J&rsquo;\u00e9labore des <strong>boissons naturell<\/strong>es et d\u00e9tox<\/a><\/li><li>J\u2019\u00e9labore et je d\u00e9guste des <strong>boissons naturelles <\/strong>plaisir<\/li><li>Je cuisine un savoureux <strong>repas <\/strong>\u00e0 base de produits locaux <\/li><li>Je cuisine un <strong>repas<\/strong> v\u00e9g\u00e9tal \u00e9quilibr\u00e9, accompagn\u00e9 de conseils en nutrition <\/li><li>Stages de<a href=\"https:\/\/mille-pertuis.org\/vannerie\/\"> <strong>vannerie<\/strong><\/a> : je fabrique un <a href=\"https:\/\/mille-pertuis.org\/non-classe\/stages-vannerie\/\">objet en osier<\/a> <\/li><li>Je r\u00e9alise un objet en carton : <a href=\"http:\/\/mille-pertuis.org\/wp-content\/uploads\/2020\/10\/jardiniere-carton.jpg\">jardini\u00e8re en <strong>carton<\/strong><\/a>, <a href=\"https:\/\/mille-pertuis.org\/non-classe\/atelier-pratique-je-realise-un-objet-eco-responsable-et-design-en-carton\/\">photophore <\/a>ou meuble<\/li><li>Je fabrique et pose ma <strong><a href=\"https:\/\/mille-pertuis.org\/peinture-murale-au-naturel-avec-christelle\/\">peinture murale<\/a> <\/strong>au naturel (chaux-cas\u00e9ine)<\/li><li>Je feutre la <strong><a href=\"https:\/\/mille-pertuis.org\/atelier-japprends-a-feutrer-la-laine-cardee\/\">laine card\u00e9e<\/a><\/strong><a href=\"http:\/\/atelier-japprends-a-feutrer-la-laine-cardee\"> <\/a>pour r\u00e9aliser des objets \u00e0 fa\u00e7on(boules de No\u00ebl, sacs, chaussons, dessous de plat&#8230;)<\/li><\/ul>\n\n\n\n<p>Possibilit\u00e9 d\u2019atelier et de stage \u00e0 la demande des adh\u00e9rents (soin des cheveux, bee-wrap, meuble en carton\u2026)<\/p>\n","protected":false},"excerpt":{"rendered":"<p>Je fabrique mes produits d&rsquo;entretien bon march\u00e9 Je fabrique ma lessive \u00e9cologique Je fabrique mes produits vaisselle respectueux de ma sant\u00e9 et de la plan\u00e8te Je fabrique mes savons naturels Je fabrique mes cosm\u00e9tiques\/ produits d&rsquo;hygi\u00e8ne respectueux de ma sant\u00e9 et de la plan\u00e8te Je fabrique mes soins visage Je fabrique mon shampoing naturel et &hellip; <a href=\"https:\/\/mille-pertuis.org\/?page_id=360\" class=\"more-link\">Continuer la lecture<span class=\"screen-reader-text\"> de &laquo;&nbsp;Les ressources des ateliers&nbsp;&raquo;<\/span><\/a><\/p>\n","protected":false},"author":2,"featured_media":0,"parent":2,"menu_order":0,"comment_status":"closed","ping_status":"closed","template":"","meta":{"footnotes":""},"class_list":["post-360","page","type-page","status-publish","hentry"],"yoast_head":"<!-- This site is optimized with the Yoast SEO plugin v27.4 - https:\/\/yoast.com\/product\/yoast-seo-wordpress\/ -->\n<title>Les ressources des ateliers - Mille-Pertuis<\/title>\n<meta name=\"robots\" content=\"index, follow, max-snippet:-1, max-image-preview:large, max-video-preview:-1\" \/>\n<link rel=\"canonical\" href=\"http:\/\/mille-pertuis.org\/?page_id=360\" \/>\n<meta property=\"og:locale\" content=\"fr_FR\" \/>\n<meta property=\"og:type\" content=\"article\" \/>\n<meta property=\"og:title\" content=\"Les ressources des ateliers - Mille-Pertuis\" \/>\n<meta property=\"og:description\" content=\"Je fabrique mes produits d&rsquo;entretien bon march\u00e9 Je fabrique ma lessive \u00e9cologique Je fabrique mes produits vaisselle respectueux de ma sant\u00e9 et de la plan\u00e8te Je fabrique mes savons naturels Je fabrique mes cosm\u00e9tiques\/ produits d&rsquo;hygi\u00e8ne respectueux de ma sant\u00e9 et de la plan\u00e8te Je fabrique mes soins visage Je fabrique mon shampoing naturel et &hellip; Continuer la lecture de &laquo;&nbsp;Les ressources des ateliers&nbsp;&raquo;\" \/>\n<meta property=\"og:url\" content=\"http:\/\/mille-pertuis.org\/?page_id=360\" \/>\n<meta property=\"og:site_name\" content=\"Mille-Pertuis\" \/>\n<meta property=\"article:modified_time\" content=\"2022-03-30T13:40:31+00:00\" \/>\n<meta name=\"twitter:card\" content=\"summary_large_image\" \/>\n<meta name=\"twitter:label1\" content=\"Dur\u00e9e de lecture estim\u00e9e\" \/>\n\t<meta name=\"twitter:data1\" content=\"2 minutes\" \/>\n<script type=\"application\/ld+json\" class=\"yoast-schema-graph\">{\"@context\":\"https:\\\/\\\/schema.org\",\"@graph\":[{\"@type\":\"WebPage\",\"@id\":\"http:\\\/\\\/mille-pertuis.org\\\/?page_id=360\",\"url\":\"http:\\\/\\\/mille-pertuis.org\\\/?page_id=360\",\"name\":\"Les ressources des ateliers - Mille-Pertuis\",\"isPartOf\":{\"@id\":\"http:\\\/\\\/mille-pertuis.org\\\/#website\"},\"datePublished\":\"2019-02-04T13:43:32+00:00\",\"dateModified\":\"2022-03-30T13:40:31+00:00\",\"breadcrumb\":{\"@id\":\"http:\\\/\\\/mille-pertuis.org\\\/?page_id=360#breadcrumb\"},\"inLanguage\":\"fr-FR\",\"potentialAction\":[{\"@type\":\"ReadAction\",\"target\":[\"http:\\\/\\\/mille-pertuis.org\\\/?page_id=360\"]}]},{\"@type\":\"BreadcrumbList\",\"@id\":\"http:\\\/\\\/mille-pertuis.org\\\/?page_id=360#breadcrumb\",\"itemListElement\":[{\"@type\":\"ListItem\",\"position\":1,\"name\":\"Accueil\",\"item\":\"http:\\\/\\\/mille-pertuis.org\\\/\"},{\"@type\":\"ListItem\",\"position\":2,\"name\":\"Les activit\u00e9s\",\"item\":\"http:\\\/\\\/mille-pertuis.org\\\/?page_id=2\"},{\"@type\":\"ListItem\",\"position\":3,\"name\":\"Les ressources des ateliers\"}]},{\"@type\":\"WebSite\",\"@id\":\"http:\\\/\\\/mille-pertuis.org\\\/#website\",\"url\":\"http:\\\/\\\/mille-pertuis.org\\\/\",\"name\":\"Mille-Pertuis\",\"description\":\"1001 passerelles vers un mode de vie \u00e9cologique\",\"publisher\":{\"@id\":\"http:\\\/\\\/mille-pertuis.org\\\/#organization\"},\"potentialAction\":[{\"@type\":\"SearchAction\",\"target\":{\"@type\":\"EntryPoint\",\"urlTemplate\":\"http:\\\/\\\/mille-pertuis.org\\\/?s={search_term_string}\"},\"query-input\":{\"@type\":\"PropertyValueSpecification\",\"valueRequired\":true,\"valueName\":\"search_term_string\"}}],\"inLanguage\":\"fr-FR\"},{\"@type\":\"Organization\",\"@id\":\"http:\\\/\\\/mille-pertuis.org\\\/#organization\",\"name\":\"Mille-Pertuis\",\"url\":\"http:\\\/\\\/mille-pertuis.org\\\/\",\"logo\":{\"@type\":\"ImageObject\",\"inLanguage\":\"fr-FR\",\"@id\":\"http:\\\/\\\/mille-pertuis.org\\\/#\\\/schema\\\/logo\\\/image\\\/\",\"url\":\"https:\\\/\\\/mille-pertuis.org\\\/wp-content\\\/uploads\\\/2019\\\/12\\\/cropped-logo_ML_V2.0_COUL.jpg\",\"contentUrl\":\"https:\\\/\\\/mille-pertuis.org\\\/wp-content\\\/uploads\\\/2019\\\/12\\\/cropped-logo_ML_V2.0_COUL.jpg\",\"width\":240,\"height\":75,\"caption\":\"Mille-Pertuis\"},\"image\":{\"@id\":\"http:\\\/\\\/mille-pertuis.org\\\/#\\\/schema\\\/logo\\\/image\\\/\"}}]}<\/script>\n<!-- \/ Yoast SEO plugin. -->","yoast_head_json":{"title":"Les ressources des ateliers - Mille-Pertuis","robots":{"index":"index","follow":"follow","max-snippet":"max-snippet:-1","max-image-preview":"max-image-preview:large","max-video-preview":"max-video-preview:-1"},"canonical":"http:\/\/mille-pertuis.org\/?page_id=360","og_locale":"fr_FR","og_type":"article","og_title":"Les ressources des ateliers - Mille-Pertuis","og_description":"Je fabrique mes produits d&rsquo;entretien bon march\u00e9 Je fabrique ma lessive \u00e9cologique Je fabrique mes produits vaisselle respectueux de ma sant\u00e9 et de la plan\u00e8te Je fabrique mes savons naturels Je fabrique mes cosm\u00e9tiques\/ produits d&rsquo;hygi\u00e8ne respectueux de ma sant\u00e9 et de la plan\u00e8te Je fabrique mes soins visage Je fabrique mon shampoing naturel et &hellip; Continuer la lecture de &laquo;&nbsp;Les ressources des ateliers&nbsp;&raquo;","og_url":"http:\/\/mille-pertuis.org\/?page_id=360","og_site_name":"Mille-Pertuis","article_modified_time":"2022-03-30T13:40:31+00:00","twitter_card":"summary_large_image","twitter_misc":{"Dur\u00e9e de lecture estim\u00e9e":"2 minutes"},"schema":{"@context":"https:\/\/schema.org","@graph":[{"@type":"WebPage","@id":"http:\/\/mille-pertuis.org\/?page_id=360","url":"http:\/\/mille-pertuis.org\/?page_id=360","name":"Les ressources des ateliers - Mille-Pertuis","isPartOf":{"@id":"http:\/\/mille-pertuis.org\/#website"},"datePublished":"2019-02-04T13:43:32+00:00","dateModified":"2022-03-30T13:40:31+00:00","breadcrumb":{"@id":"http:\/\/mille-pertuis.org\/?page_id=360#breadcrumb"},"inLanguage":"fr-FR","potentialAction":[{"@type":"ReadAction","target":["http:\/\/mille-pertuis.org\/?page_id=360"]}]},{"@type":"BreadcrumbList","@id":"http:\/\/mille-pertuis.org\/?page_id=360#breadcrumb","itemListElement":[{"@type":"ListItem","position":1,"name":"Accueil","item":"http:\/\/mille-pertuis.org\/"},{"@type":"ListItem","position":2,"name":"Les activit\u00e9s","item":"http:\/\/mille-pertuis.org\/?page_id=2"},{"@type":"ListItem","position":3,"name":"Les ressources des ateliers"}]},{"@type":"WebSite","@id":"http:\/\/mille-pertuis.org\/#website","url":"http:\/\/mille-pertuis.org\/","name":"Mille-Pertuis","description":"1001 passerelles vers un mode de vie \u00e9cologique","publisher":{"@id":"http:\/\/mille-pertuis.org\/#organization"},"potentialAction":[{"@type":"SearchAction","target":{"@type":"EntryPoint","urlTemplate":"http:\/\/mille-pertuis.org\/?s={search_term_string}"},"query-input":{"@type":"PropertyValueSpecification","valueRequired":true,"valueName":"search_term_string"}}],"inLanguage":"fr-FR"},{"@type":"Organization","@id":"http:\/\/mille-pertuis.org\/#organization","name":"Mille-Pertuis","url":"http:\/\/mille-pertuis.org\/","logo":{"@type":"ImageObject","inLanguage":"fr-FR","@id":"http:\/\/mille-pertuis.org\/#\/schema\/logo\/image\/","url":"https:\/\/mille-pertuis.org\/wp-content\/uploads\/2019\/12\/cropped-logo_ML_V2.0_COUL.jpg","contentUrl":"https:\/\/mille-pertuis.org\/wp-content\/uploads\/2019\/12\/cropped-logo_ML_V2.0_COUL.jpg","width":240,"height":75,"caption":"Mille-Pertuis"},"image":{"@id":"http:\/\/mille-pertuis.org\/#\/schema\/logo\/image\/"}}]}},"_links":{"self":[{"href":"https:\/\/mille-pertuis.org\/index.php?rest_route=\/wp\/v2\/pages\/360","targetHints":{"allow":["GET"]}}],"collection":[{"href":"https:\/\/mille-pertuis.org\/index.php?rest_route=\/wp\/v2\/pages"}],"about":[{"href":"https:\/\/mille-pertuis.org\/index.php?rest_route=\/wp\/v2\/types\/page"}],"author":[{"embeddable":true,"href":"https:\/\/mille-pertuis.org\/index.php?rest_route=\/wp\/v2\/users\/2"}],"replies":[{"embeddable":true,"href":"https:\/\/mille-pertuis.org\/index.php?rest_route=%2Fwp%2Fv2%2Fcomments&post=360"}],"version-history":[{"count":5,"href":"https:\/\/mille-pertuis.org\/index.php?rest_route=\/wp\/v2\/pages\/360\/revisions"}],"predecessor-version":[{"id":2142,"href":"https:\/\/mille-pertuis.org\/index.php?rest_route=\/wp\/v2\/pages\/360\/revisions\/2142"}],"up":[{"embeddable":true,"href":"https:\/\/mille-pertuis.org\/index.php?rest_route=\/wp\/v2\/pages\/2"}],"wp:attachment":[{"href":"https:\/\/mille-pertuis.org\/index.php?rest_route=%2Fwp%2Fv2%2Fmedia&parent=360"}],"curies":[{"name":"wp","href":"https:\/\/api.w.org\/{rel}","templated":true}]}}